me factors of y(41).
3, 5, 7
Let y(r) be the second derivative of -r**4/12 + r**3/6 + 6*r**2 - r. Let g(f) = f**2 + 6*f + 9. Let b be g(-3). What are the prime factors of y(b)?
2, 3
Let u(q) = -8*q**2 + 6*q. Let r be u(4). Suppose -8*o - 583 = 9. Let j = o - r. What are the prime factors of j?
2, 3, 5
Suppose 3 = -5*n - 2*o, -5*n - 3*o + 9 = -4*o. Let x be 0/(-1) + n + 3. Suppose 3*i - 106 = 3*f - 7, -f = -x*i + 129. What are the prime factors of i?
2
What are the prime factors of ((-72)/15 - -2)/((-2)/20)?
2, 7
Let w(c) = -3*c**2 + 4 + 5*c**2 - 2*c + 2*c**2 - 2*c**2. What are the prime factors of w(5)?
2, 11
Let v be 2 - (-834)/15 - 3/5. Let x = 16 + v. What are the prime factors of x?
73
Suppose -3*p + 2*a + 530 = 0, 2*p + 3*p + a = 866. Let m = p - 109. List the prime factors of m.
5, 13
Let i(f) = 2*f**2 - 10*f + 6. Let n be i(4). What are the prime factors of (-3 - 3*n/(-12))*-30?
3, 5, 7
Let q = 3400 - 2040. What are the prime factors of q?
2, 5, 17
Let a = -171 - -307. List the prime factors of a.
2, 17
Let t(n) = 39*n - 104. What are the prime factors of t(12)?
2, 7, 13
List the prime factors of ((2 - 0) + 13)*(-176)/(-48).
5, 11
Let o(s) = 138*s**2 - 15*s - 31. What are the prime factors of o(5)?
2, 11, 19
Let f(m) = 17*m**3 - 3*m**2 - 8*m + 45. List the prime factors of f(4).
3, 13
Let o = -24 - -80. Let b be 4/((-4)/(-30) - 0). Let i = o - b. List the prime factors of i.
2, 13
Let u(c) = -4*c**3 - 23*c**2 + 40*c + 7. List the prime factors of u(-14).
5, 7, 13
Let b = -12 + 6. Let p(d) = -2*d - 9. Let n be p(b). What are the prime factors of 0 + (n - (3 + -3))?
3
Let d be (-350)/(-21)*(-3)/(-2). Let n = 98 - d. What are the prime factors of n?
73
Let m(y) = 18*y**3 + 9*y**2 - y. List the prime factors of m(3).
2, 3, 47
Let t be (271 - -2) + (4 - 2). Suppose -3*d = -8*d + t. Let b = d + -19. List the prime factors of b.
2, 3
Let q = 94 + -179. Let o(h) = -h**2 + h + 3. Let p be o(3). List the prime factors of q/p - (-16)/(-12).
3
Suppose 3*v - a - 11 = 0, -2*v + 6*a + 29 = a. Suppose v*o = 5*o. Suppose o = -4*k - k + 235. List the prime factors of k.
47
Let t = 26 + -21. Suppose t*z - 15 = 4*z. What are the prime factors of z?
3, 5
Suppose 5*m + 3*x = 2099, -8*m + 423 = -7*m - x. List the prime factors of m.
421
Let m(i) = 3*i + 5. Let b(v) = -7*v - 10. Let l(z) = 4*b(z) + 9*m(z). Let y be l(4). Let j = 20 - y. What are the prime factors of j?
19
Suppose -5*q + 21715 = -4*d, -4*q - d + 5*d = -17376. What are the prime factors of q?
4339
What are the prime factors of 2/(-42)*-9 + 1070/35?
31
Suppose 2*p + 10442 = 4*u, -2*u - 2*p + 4315 = -909. List the prime factors of u.
7, 373
Let w = 35 - 40. Let v(n) = -n**3 - 3*n**2 - 11*n - 11. List the prime factors of v(w).
2, 47
Let c = -32 - 1. Let a = -3 - c. What are the prime factors of a?
2, 3, 5
Let f be ((-6)/3 + -1)/1. Let r = f + 3. Suppose 3*b = -5*s + 9, r = 2*s - 0*b + 3*b. What are the prime factors of s?
3
Let h(y) = 163*y - 660. List the prime factors of h(19).
2437
Suppose 6*w - 2877 = -w. What are the prime factors of w?
3, 137
Let t(o) = 5*o**2 - 7*o - 3. Suppose -4*n - 291 = -3*a - 10, a = -5*n - 337. Let s be n/(-18) - (-4)/18. What are the prime factors of t(s)?
7
Let f(b) = -6*b + 5. Suppose -5*c = -15, -5*r = -c - 2*c - 21. Let i be ((-160)/(-48))/((-4)/r). List the prime factors of f(i).
5, 7
Let i be ((-3)/2)/(23/(-138)). Let z(q) = 2*q**2 - 2*q - 22. What are the prime factors of z(i)?
2, 61
Let x(d) = 14*d - 4. Let n = 17 + -12. Suppose 28 = m - 0*f + n*f, 4*m = -4*f + 32. List the prime factors of x(m).
2, 19
Let y be 2/(-3 + (-92)/(-28)). Suppose -2*h = -y*v + 3*v - 24, -4*h = -4*v - 32. Suppose 4*b = h*s + 28, -3*b = 2*s + 2*s - 14. What are the prime factors of b?
2, 3
Let h = -738 + 2409. What are the prime factors of h?
3, 557
Let d be (-4 - 1)*(1 - 2). Let b(p) = p**2 - 3*p - 12. Let n be b(6). Suppose 0 = -d*t - 2*a + 12, 6 + n = 4*t + 4*a. What are the prime factors of t?
2
Suppose -r = l - 43, 5*r - 2*r - 4*l - 115 = 0. Suppose r = m - 79. Suppose -2*z = z - m. What are the prime factors of z?
2, 5
Let x(l) be the third derivative of 7*l**4/24 - 7*l**3/3 + l**2. Let b(z) = -z + 1. Let i(w) = 6*b(w) + x(w). What are the prime factors of i(12)?
2
Suppose -4*b + 5*q = 238, -3*q = 2*b + b + 165. Let l(c) = 14*c + 5. Let z be l(-2). Let a = z - b. What are the prime factors of a?
2, 17
Let d = -807 - -861. Let v = -26 - -57. Let l = d - v. List the prime factors of l.
23
Suppose 3*i + 10 = -2*i. Let j = 1 - i. Suppose j*z - 97 - 14 = 5*g, 3*g = -9. What are the prime factors of z?
2
Let v = -222 - -146. Let y be -2 + (-297)/12 - 252/(-336). What are the prime factors of 117/y*v/6?
3, 19
Let u = -138 + 142. Suppose -4*p = -2*p + 4*v - 498, -u*v - 237 = -p. What are the prime factors of p?
5, 7
Let p(x) = 9*x - 16. Let n be p(-5). Let h = -36 - n. What are the prime factors of h?
5
Let z = -450 + 611. List the prime factors of z.
7, 23
Let l = -1314 + 3049. What are the prime factors of l?
5, 347
Suppose 334 = t - 219. What are the prime factors of t?
7, 79
Let p(t) = -5*t**3 + t**2 + 12. Let q(d) = -d**3 + 1. Let g(n) = -p(n) + 6*q(n). Let h be g(0). List the prime factors of (-9)/h - 174/(-12).
2
Let o be (-6)/(-9)*-3 + -13. Let y = o + 48. What are the prime factors of y?
3, 11
Let z(d) = -4 + 1 + d**2 - 13 - 4*d. Let u be z(12). Suppose 5*v + 8*y = 4*y + u, 48 = 3*v - 3*y. What are the prime factors of v?
2
Suppose 9*v - 8 = 5*v. Suppose -h + v = -2, 3*p = -5*h + 875. List the prime factors of p.
3, 5, 19
Let d(a) be the first derivative of a**3 + a**2/2 - 2*a + 2. Let l = -3 + 6. What are the prime factors of d(l)?
2, 7
Let n = -56 - -60. Suppose 5*c - 747 = -n*c. What are the prime factors of c?
83
Let g be 21*(-7)/(-12)*4*7. Suppose -8*k = -k - g. List the prime factors of k.
7
Let o(r) = 2*r**2 - 6*r + 15. Suppose -y - 14 = -18. List the prime factors of o(y).
23
Let g be -205*(33/(-15) - -1). Let c = 348 - g. What are the prime factors of c?
2, 3, 17
Let q(p) = -5*p - 7. Let d be q(-4). Let m(y) = -y**2 + 12*y + 15. Let k be m(d). Suppose -k*n = -c - 25, 3*c = -3*n - 9 + 42. What are the prime factors of n?
2, 3
Suppose -w = 2, -3*r + 4*r = 3*w + 95. Suppose -5*z + 2*f + r = -2*z, 2*z - f = 58. List the prime factors of z.
3
Let c = 2 - 0. Let w be (1 - c)/((-1)/18). Let j = -5 + w. List the prime factors of j.
13
Suppose -7*g + 2*g = -1675. Let z = -133 + g. List the prime factors of z.
2, 101
Let q(k) be the third derivative of 0*k**4 + 0*k + 1/60*k**5 - 1/2*k**3 + 0 + k**2. What are the prime factors of q(-4)?
13
What are the prime factors of (-284 - (-3 - 0))/(1/(-2))?
2, 281
Let n(c) = -3*c**2 - 16*c - 6. Let g be n(-6). Let j = g + 14. Let x(t) = -t**2 - 5*t. What are the prime factors of x(j)?
2
Suppose 6*v + 8 = 4*v + 2*x, 8 = -2*x. What are the prime factors of (-388)/(-20) - (1 + v/5)?
2, 5
Let n(x) = x**2 - x + 1. Let u(o) = o**3 + 8*o**2 - 3*o + 6. Let p(j) = -5*n(j) + u(j). Let w be p(-2). Suppose 2*g = -w + 13. What are the prime factors of g?
2, 3
Let m(b) = 20*b + 15. Let z be m(6). Suppose 0 = 5*i - 305 - z. What are the prime factors of i?
2, 11
Let p = 39 + -35. Suppose p*v + 42 = 430. What are the prime factors of v?
97
Let c(p) = -4*p**2 - p + 6. Let j be c(-5). Let h = -28 - j. What are the prime factors of h?
61
Let w(z) = z**3 - 11*z**2 + 8*z - 10. Let f be 0 + 14 + (2 - 5). List the prime factors of w(f).
2, 3, 13
Suppose 2*c + 5*z = -0*z + 199, -3*c = z - 305. Let s be (-387)/12 - 1/(-4). Let g = c + s. List the prime factors of g.
2, 5, 7
Let m = -501 + 804. List the prime factors of m.
3, 101
Let a = 66 - 66. Suppose -y + 8 + 20 = a. What are the prime factors of y?
2, 7
Let k(w) = -70*w - 2. Let g(r) = -r + 2. Let u be g(3). What are the prime factors of k(u)?
2, 17
Let c = -1633 + 2419. What are the prime factors of c?
2, 3, 131
Let p(u) = -u**3 + 15*u**2 + 3*u - 1. Let a be p(11). Suppose -4*i = 3*r - 269 - 118, a = 4*r - 2*i. What are the prime factors of r?
3, 43
Let x(z) = 2*z + 26*z**2 - z**2 + 43*z**2 - 2. What are the prime factors of x(1)?
2, 17
Suppose -2*p - 3*h = -6*h + 184, -3*h + 282 = -3*p. List the prime factors of ((-22)/(-4))/((-7)/p).
7, 11
Let k be 15/3 - 6/(-2). Suppose -k*l = -5*l - 357. List the pri